ppose 14*z = -0*z - 8*z. Suppose z = -10*b - 211 + 391. Suppose 7*w = 2*w + 810. Calculate the greatest common divisor of b and w.
18
Let h = -325 + 330. Suppose -h*p = -3*k + 1119, -5*p - 381 = -k - 6*p. Calculate the highest common divisor of 54 and k.
54
Let q(u) = 34*u**2 - 9*u - 1. Let v be q(-7). What is the highest common divisor of 312 and v?
24
Let v(c) = 9476*c**2 - 9338*c**2 + c - 1 + 2*c. Let y be v(1). Calculate the highest common divisor of y and 60.
20
Let m be ((-2)/(-5))/((-17)/(-170)). Suppose m*l - 1256 - 200 = 0. What is the greatest common divisor of 156 and l?
52
Suppose 1878*w = 1879*w - 6. Let j(x) = 35*x**2 - 18*x + 8. Let n be j(w). What is the highest common divisor of 40 and n?
40
Suppose v = -4*p + 1683, 1000*v - 1003*v + 5066 = -5*p. Calculate the greatest common divisor of 1928 and v.
241
Suppose 0 = -5*o + 5*x + 980, 2*o - 11*x - 395 = -6*x. Let s = 43 + o. What is the highest common factor of s and 28?
14
Suppose b + 2*j - 217 + 216 = 0, -b = 3*j. Suppose -n - b*t + 1234 = 0, -n - n - 3*t + 2459 = 0. What is the highest common divisor of 49 and n?
49
Suppose c - 4*o = -c + 588, -582 = -2*c + o. Let u = c - 206. Let d = 91 - u. What is the highest common divisor of d and 28?
7
Let z be (-3)/25*(-6 + 1) - (-8094)/10. Calculate the highest common factor of z and 3285.
45
Suppose 0 = 43*f - 3898 - 15581. Calculate the greatest common divisor of 9 and f.
3
Let f = -14952 - -14985. Let p be 0 - (-1 - (89 + -2)). What is the greatest common divisor of f and p?
11
Suppose 4*x + 49 + 14 = 7*x. Calculate the greatest common divisor of x and 231.
21
Let t = -21 + 14. Let d = 10 + t. Suppose 122*y + 30 = 127*y. What is the greatest common divisor of d and y?
3
Suppose 0 = -56*w + 52*w - 84. Let p = -18 - w. What is the greatest common factor of p and 12?
3
Let h(f) = -f**3 - 3*f**2 - 5*f + 5. Let m be h(-3). Suppose 0 = -5*q + 471 + 734. Let t = 461 - q. What is the highest common divisor of t and m?
20
Let a = -7 - -13. Let r be a/(-4)*44/(-66). Calculate the greatest common factor of r and 1.
1
Let f(c) = -c**3 + 21*c**2 - 32*c + 21. Let d be f(14). Suppose -14*n + 19*n = d. Calculate the greatest common factor of 18 and n.
9
Suppose c = -c + 880. Suppose 6*m = m + c. Suppose 4*v = w - m, -3*w + 0*v = 4*v - 232. What is the highest common factor of 32 and w?
16
Let d = 220840 + -220823. Suppose -3*b + 2*b = -187. What is the greatest common divisor of d and b?
17
Let x be ((-12)/(-5))/(12/80). Suppose -x*v + 3*s = -11*v - 255, v = 4*s + 68. Calculate the highest common factor of 120 and v.
24
Suppose -2*v + 954 = s, 1754 = 2*s - 2*v - 142. Suppose 24*m - 29*m + s = 0. Calculate the highest common divisor of m and 19.
19
Let z(b) = b + 1. Let u = -39 + 38. Let g(o) = -9*o - 3. Let l(f) = u*g(f) - 6*z(f). Let k be l(2). Calculate the greatest common divisor of k and 9.
3
Let f be (15 + 6)*(-12 - (-2620)/70). What is the highest common divisor of 1246 and f?
178
Let h be -18*(52/(-12) + 3). Suppose 30 = 4*z + 3*r, 5*r = 5*z - h + 4. What is the greatest common factor of z and 51?
3
Let d = 33 - 7. Let q = -46 + d. Let m be (-1)/5 - 204/q. Calculate the greatest common factor of 20 and m.
10
Suppose -57 + 11629 = 2*u. Suppose 15*q - u + 131 = 0. Calculate the highest common divisor of q and 13.
13
Let x be (11 - (-88)/3) + (-4)/12. Suppose 50 = 5*m - 0. Let n be (8/(-5))/((-2)/m). What is the highest common divisor of x and n?
8
Let l(x) = -28*x**3 - 9*x**2 + 29*x**3 - 9 + x**2 - 26 + 7*x. Let b be l(10). Calculate the greatest common divisor of b and 47.
47
Let h(s) = -9*s - 17. Let z be h(-9). Let d be 3/(21/557) - 44/(4004/(-39)). What is the highest common divisor of z and d?
16
Let j be ((-609)/58)/((-6)/760) - 10. Calculate the highest common divisor of j and 176.
88
Suppose 4174*o - 4047*o - 35179 = 0. What is the greatest common divisor of o and 16897?
277
Let j = 55 + -30. Suppose -j + 97 = -6*b. Let x be ((-9)/b)/(-3) + (-231)/(-28). Calculate the highest common factor of 14 and x.
2
Let o(m) = -5*m**3 - 5*m**2 - 5*m + 6. Let a be o(-3). Let q(z) = z**3 - 11*z**2 + 3*z - 177. Let c be q(12). Calculate the highest common factor of a and c.
3
Suppose -5*y + 4*i + 106 = 0, 8*i = 4*y + 7*i - 87. Let q be ((-33)/y)/(4/(-40)). What is the highest common factor of 165 and q?
15
Suppose -2*y - 5*q - 765 - 200 = 0, -2405 = 5*y + 5*q. Let c be 2/14 - (-8 + y/21). What is the greatest common factor of c and 31?
31
Suppose 9642 - 17094 = -71*k + 12428. What is the greatest common factor of 520 and k?
40
Let s = 20902 - 18409. What is the highest common factor of s and 45?
9
Let a(s) = -s**2 + 17*s - 27. Let d be a(15). Suppose 5 + 8 = r + 3*j, 0 = d*r - j - 89. Calculate the greatest common factor of r and 56.
28
Let y = -313 - -2256. Calculate the highest common factor of 134 and y.
67
Let l be (-153)/306*((-24)/(-10))/(-2)*1315. What is the highest common factor of 2893 and l?
263
Suppose 0 = 4*l - 2*j - 78, -2*l = -6*j + 2*j - 54. Suppose -5*o + 270 = -3*b, 5*o - 194 = o - 2*b. Calculate the highest common divisor of o and l.
17
Let b(p) = -22 + 34 - 3*p + p**3 - 15 - 16. Let j be b(4). Let h(o) = -o**2 + 99. Let z be h(0). Calculate the greatest common divisor of z and j.
33
Suppose -3*d + j = -5993, 0 = -4*d + 2*j + 6778 + 1208. Calculate the highest common divisor of d and 224.
16
Suppose 0 = 191*q - 5656 - 2366. Calculate the greatest common divisor of 525 and q.
21
Suppose 5*k + 3*m = 278, 36 = -3*k + 4*m + 197. Calculate the greatest common factor of 407 and k.
11
Let s(j) = 2*j**3 - 313*j**2 - 376*j - 319. Let o be s(158). What is the highest common factor of 45 and o?
45
Let q(b) = -580*b - 44. Let v be q(-5). Suppose v = 7*g + 10*g. What is the greatest common factor of g and 189?
21
Suppose 85*q - 89*q = 20, 4*x + q = 1975. Calculate the greatest common factor of 110 and x.
55
Let y be 8/((-176)/(-33)) - (-10)/(-4). Let r be y/3 + 98/6. Calculate the highest common factor of 160 and r.
16
Suppose 29 + 25 = 18*c. Let t be (-1)/c + 1292/114. Calculate the highest common divisor of t and 11.
11
Suppose -5*h + 244 = -a + 69, -h - 5*a = -61. Let t = -78 - -186. Calculate the highest common factor of h and t.
36
Let v be (30/8)/(18/72). Let f be 4/10 + 3039/v - 3. What is the greatest common factor of f and 20?
20
Suppose -58*w + 59*w = 39. Suppose -12*k - 648 = -w*k. What is the highest common factor of k and 36?
12
Let l = -27 + 29. Suppose -3*x - x = -5*u - 114, l*u = -4*x + 100. Suppose -166 = -4*p - x. Calculate the greatest common factor of p and 5.
5
Suppose -409*s = -71*s - 72670. Calculate the greatest common divisor of 1505 and s.
215
Let f(k) be the second derivative of -k**5/20 + k**4/4 + 3*k**3 + 16*k**2 + 103*k. Let z be f(-2). What is the highest common divisor of 288 and z?
16
Let q(h) = -60*h + 2091. Let b be q(31). What is the highest common divisor of 2849 and b?
77
Suppose 18*m - 2*m = 64. Let x be 144/(-27)*-6 + 1 + m. What is the highest common divisor of 592 and x?
37
Let s(g) = -7*g**3 - 10*g + 9. Let n(h) = 15*h**3 + 22*h - 19. Let w(l) = -2*n(l) - 5*s(l). Let x be w(1). Calculate the greatest common factor of x and 2.
2
Suppose 0 = -5*n - 3*b + 459, -b - 109 = -102. What is the highest common divisor of 696 and n?
24
Suppose -303 = -6*u + 807. Suppose -3*n - 27*f + 22*f = -191, -3*n + f = -u. Calculate the highest common factor of 6 and n.
2
Let v = -7063 - -7117. What is the highest common divisor of v and 1548?
18
Let q(a) = 56*a - 16. Let l be q(4). Suppose 4*i + 0*i - l = -5*f, 0 = 4*i - 2*f - 208. What is the highest common divisor of 13 and i?
13
Let s be (-6)/(-4)*(-72)/(-27). Suppose j = -5*m + 70, s*j - 3*m = 248 + 32. Let f = 320 - 306. What is the greatest common divisor of j and f?
14
Suppose 5*q + y - 42 = 0, 2*q - 3*y = 4*q - 22. Suppose -l - 4 = -q. Suppose -2*h + 14 - l = 0. Calculate the greatest common divisor of h and 20.
5
Let y = -90 - -122. Suppose 2*x - y - 24 = 0. Calculate the greatest common divisor of x and 70.
14
Let d be (-4)/10 - ((-35019)/(-2))/(435/(-232)). Calculate the greatest common factor of d and 23.
23
Let l(n) = n**2 + 107*n + 789. Let p be l(-112). Calculate the highest common divisor of p and 209.
19
Let l be -1 + (-5 + 4 - -3) + 4. Suppose d = 5*r